s the highest common divisor of 85 and o?
17
Let o(x) = x + 29. Let g be o(-23). Suppose 13*c = g*c + 2884. Suppose 0 = 13*u - 524 - c. What is the highest common divisor of 48 and u?
24
Let z(g) = 17 + 7 - 5 + 6*g. Let n be z(-1). What is the greatest common divisor of n and 1?
1
Let d(p) = -p - 3. Let y be d(-12). Suppose 8*s - 13*s - 4*f + 46 = 0, 3*f = 4*s - 12. Calculate the greatest common factor of s and y.
3
Let g = -9 - -38. Let y = g + -25. Suppose r = -y*a - 10, -2*r - 5 = -2*a - 25. Calculate the highest common divisor of 1 and r.
1
Let h be (5/3)/(1/(-123)). Let o(c) = 165*c - 1850. Let n be o(13). Let z = h + n. What is the highest common factor of z and 10?
10
Suppose h = -32*f + 28*f + 16, -3*f + 5*h = 11. Suppose f*i + 12 = 0, -5*y = -3*i + 15 - 82. What is the greatest common factor of 231 and y?
11
Let f = 352 + -274. Suppose -3*u - 6 = -3. Let q be u/(-2) - (-357)/14. What is the greatest common factor of f and q?
26
Suppose v + 26*l = 28*l + 2257, -v = 2*l - 2269. Calculate the greatest common divisor of 803 and v.
73
Let x = -24022 + 24294. What is the greatest common factor of 4012 and x?
68
Let m = -35216 - -35348. Calculate the highest common divisor of m and 34716.
132
Let h(m) = 2*m**2 + 8*m + 3. Let s be h(-4). Suppose 4 = -5*c - 6, 5*l = -s*c + 99. What is the greatest common divisor of 294 and l?
21
Let l be 232/(-50)*-5 + 8/10. Let h(o) = -o**3 + 23*o**2 + 23*o + 44. Let q be h(l). What is the greatest common factor of q and 190?
10
Suppose -82 = -3*m - 13. Suppose -k - 2*k = -3*g + 69, k + m = 4*g. Let t = -2 - k. Calculate the greatest common divisor of 21 and t.
21
Let o = -842 - -878. Calculate the greatest common divisor of 3492 and o.
36
Let l be (2/(-3) + 2229/(-18))*53108/(-4686). Calculate the highest common divisor of 187 and l.
17
Suppose 0 = 12*b + 21 + 15. Let r = 5 - b. Let t = 1 + 31. What is the greatest common factor of t and r?
8
Suppose 16 = 4*w - 8*w. Let z be (-2 + 3 - -5)/((-6)/w). Suppose -3*k - 1 = 2, 116 = 2*a - z*k. Calculate the greatest common factor of 7 and a.
7
Let m be (-3)/7*(-124 - -103). Calculate the greatest common divisor of 336 and m.
3
Suppose 38 = 4*y + n, -2*y - n + 149 = 131. Calculate the greatest common divisor of y and 8290.
10
Let z(r) = -4326*r - 4677. Let c be z(-2). What is the highest common factor of c and 75?
75
Let x = 5256 - 3064. What is the greatest common divisor of 48 and x?
16
Let d = -26 - -46. Let s(m) = m**2 - 17*m + 34. Let f be s(d). What is the greatest common divisor of 47 and f?
47
Let i(m) = 58*m + 672. Let l be i(-10). Calculate the highest common divisor of 26 and l.
2
Let p = 19 + 6. Suppose 4*d = 5*z - 1359, 0*d - 821 = -3*z + d. Calculate the greatest common factor of p and z.
25
Suppose u = c + 4*c + 26, -c + 26 = u. Let n(r) = 48*r**2 - 3*r + 1. Suppose -24*h + 2*h = 22. Let x be n(h). What is the highest common divisor of x and u?
26
Suppose v - 119 = -5*d, 24*d - 26*d - 147 = -v. Calculate the greatest common factor of 2 and v.
1
Let a(l) = l**2 - 18*l + 23. Let g be a(15). Let d = g + -15. Let f = 171 - d. Calculate the highest common divisor of f and 26.
26
Let z be 1329/886*3/(18/340). What is the highest common factor of z and 240?
5
Suppose 4*g + f - 48 = 5*f, 5*g - 2*f = 45. What is the highest common divisor of g and 259?
7
Let q be (1080/(-480) + (-3)/(-4))/(6/(-404)). Calculate the highest common divisor of 12625 and q.
101
Let r(h) = -h**3 - 5*h**2 + 15*h - 6. Let u be r(-10). Let y = 437 - u. What is the highest common divisor of 837 and y?
93
Let m(d) = -d**2 - 15*d - 48. Let t be m(-7). Let n be (-238)/(-6) - t/12. Calculate the highest common factor of 39 and n.
39
Let w be 21*((-7)/6 - -1)*-8. Suppose -r - 3*r = -w. What is the greatest common factor of r and 28?
7
Suppose -4*f - 585 - 555 = 0. Let h be f/12 - (-7)/(-28). Let i be 146/8 - (-6)/h. What is the greatest common divisor of 18 and i?
18
Let c be -8 + 1 + 632 + 15. Calculate the greatest common factor of c and 440.
40
Suppose a - 26 = 5*l, -709*l + 17 = a - 711*l. Suppose 3*n - 3*z = 639, 0*z = 3*n - z - 631. What is the highest common divisor of n and a?
11
Suppose 93982 = -124*f + 138*f. Calculate the highest common divisor of 137 and f.
137
Suppose -3*u + 2*u - 4*i - 656 = 0, u = -5*i - 657. Let c = 1107 + u. Calculate the highest common divisor of c and 35.
35
Suppose -5*v + 1506 = -4*m - 600, 0 = 3*v + 5*m - 1234. Let f = -2 + 40. What is the highest common factor of f and v?
38
Suppose h - 25 = -r, -3*h + 5*r + 59 = 16. Suppose -134 = -3*x - 146. Let q be (h/(-6) - x)*(1 + 1). Calculate the greatest common divisor of 7 and q.
1
Suppose -2*d + 4*w + 118 = 0, -3*d + 3*w = 32 - 209. Suppose -39 - d = -7*a. Suppose -j - 2 = -a. What is the highest common divisor of j and 4?
4
Let f be (-8)/(-36) + (887970/(-54))/(-5). Calculate the greatest common factor of f and 1495.
299
Suppose 877*f - 875*f = 856. Let v = -372 + f. Calculate the highest common divisor of 16 and v.
8
Let d(s) = s**3 + 9*s**2 - 11*s. Suppose 39 = -4*j - 1. Let g be d(j). Let i = -686 + 726. What is the greatest common factor of g and i?
10
Suppose 0 = 13*o - 271325 + 262888. Suppose -4*x = -685 + 213. Calculate the highest common divisor of x and o.
59
Let p(r) = -r**3 - 6*r**2 + 3*r - 22. Let y be p(-7). Let c = -86 + 107. Calculate the greatest common factor of c and y.
3
Let y(z) = -28*z + 111. Let t be y(-7). Let f = t - 289. What is the greatest common factor of 36 and f?
18
Suppose 4*i + i = 4*x + 151, 0 = x + 4. Suppose 176*k - 171*k = 4*y + 536, -4*y - 320 = -3*k. What is the highest common factor of i and k?
27
Let n(l) = -2*l**2 + 2*l + 30. Let f be n(0). Suppose -33*s = -f*s - 15. Let q = -145 - -146. What is the greatest common factor of q and s?
1
Let t(n) = n**3 + 20*n**2 - 2*n - 549. Let k be t(-14). Calculate the greatest common factor of 25 and k.
5
Let s(w) = -11*w - 18. Let y be (-8 - 2/2)*8/(-3). Suppose -22*h = -y*h - 6. Let j be s(h). Calculate the highest common factor of j and 10.
5
Suppose -31*v + 24 = -35*v, -5*v - 8718 = -4*k. What is the highest common divisor of 30 and k?
6
Suppose i = u - 9, 5*u + 4*i = 65 - 56. Calculate the greatest common factor of 25 and u.
5
Suppose 4*l - 3*r - 396 = 0, -4*r - 166 = -3*l + 138. Suppose 7*a - l = 4*a. Suppose -15 - 37 = -13*b. What is the highest common factor of b and a?
4
Suppose -45 = -w - 2*w. Let i be (-12)/18 - (-2)/(-6)*-17. Calculate the highest common factor of i and w.
5
Let a(o) = 6*o**2 + 17*o - 5. Let s(j) = j**2 - j + 2. Let w(f) = -a(f) + 3*s(f). Let z be w(-7). Calculate the greatest common divisor of z and 20.
4
Let l(a) = -9*a - 193. Suppose 0 = -1055*v + 1048*v - 343. Let f be l(v). What is the highest common divisor of 93 and f?
31
Let q(p) = -14*p**3 + 3*p**2 - 6. Suppose -3*g = 4*x - 16 - 9, -3*x = -4*g. Let m be q(g). Let v = m + 572. What is the highest common factor of v and 43?
43
Let d = 39707 + -39699. Calculate the highest common factor of 1574 and d.
2
Let r be 8/(-1)*(-1 + 0). Let o be ((-32)/3)/(15/(-50)*(-30)/(-54)). What is the greatest common divisor of r and o?
8
Suppose 2*z + w - 4*w = 10, -25 = -5*z - 4*w. Let g(h) = -12*h + 461. Let b be g(37). Suppose b = -z*m + 107. What is the highest common divisor of 288 and m?
18
Let c be 0/((-34)/5 - (-288)/360) + 48. Let u(n) = -n**2 + 4*n. Let y be u(3). Calculate the greatest common divisor of y and c.
3
Let y(d) = d**3 + d**2 + 7. Let a be y(0). Suppose a = x - 5*l, -x - 2*l + 143 = 4*x. Calculate the greatest common divisor of 3 and x.
3
Let v = 43043 + -20475. What is the greatest common factor of v and 31?
31
Let d be 6/2*436/6. Let o = -78 + d. Let g(p) = -9*p + 2. Let i be g(-2). What is the highest common divisor of i and o?
20
Let a(u) = 4*u**2 + 88*u + 210. Let n be a(-21). What is the highest common factor of 6300 and n?
126
Let z(t) = -8 + 70*t + 3*t**3 - 2*t**3 + 0 - 65*t. Let u be z(2). What is the greatest common divisor of 90 and u?
10
Suppose -17 = -3*a - 5. Let l be 353/8 - (1281/(-56) + 23). Calculate the greatest common divisor of a and l.
4
Let z(k) = k**2 + 667*k + 48488. Let m be z(-83). Suppose 5*t - t = 1472. What is the greatest common divisor of t and m?
16
Let s = -32 + 27. Let r be s*1 - (-17 + 16). Let g(v) = 